{"id":1230,"date":"2021-09-08T09:52:03","date_gmt":"2021-09-08T09:52:03","guid":{"rendered":"https:\/\/www.exante.fr\/Comptable\/?page_id=1230"},"modified":"2021-09-10T09:00:10","modified_gmt":"2021-09-10T09:00:10","slug":"les-ressources-humaines","status":"publish","type":"page","link":"https:\/\/www.exante.fr\/Comptable\/les-ressources-humaines\/","title":{"rendered":"ASSISTANCE RH"},"content":{"rendered":"<div class=\"fusion-fullwidth fullwidth-box fusion-builder-row-1 fusion-flex-container nonhundred-percent-fullwidth non-hundred-percent-height-scrolling\" style=\"background-color: rgba(255,255,255,0);background-position: center center;background-repeat: no-repeat;border-width: 0px 0px 0px 0px;border-color:#eae9e9;border-style:solid;\" ><div class=\"fusion-builder-row fusion-row fusion-flex-align-items-flex-start\" style=\"max-width:1216.8px;margin-left: calc(-4% \/ 2 );margin-right: calc(-4% \/ 2 );\"><div class=\"fusion-layout-column fusion_builder_column fusion-builder-column-0 fusion_builder_column_1_1 1_1 fusion-flex-column\"><div class=\"fusion-column-wrapper fusion-flex-justify-content-flex-start fusion-content-layout-column\" style=\"background-position:left top;background-repeat:no-repeat;-webkit-background-size:cover;-moz-background-size:cover;-o-background-size:cover;background-size:cover;padding: 0px 0px 0px 0px;\"><style type=\"text\/css\">@media only screen and (max-width:1000px) {.fusion-title.fusion-title-1{margin-top:0px!important; margin-right:0px!important;margin-bottom:30px!important;margin-left:0px!important;}}@media only screen and (max-width:640px) {.fusion-title.fusion-title-1{margin-top:0px!important; margin-right:0px!important;margin-bottom:20px!important; margin-left:0px!important;}}<\/style><div class=\"fusion-title title fusion-title-1 fusion-sep-none fusion-title-text fusion-title-size-one\" style=\"margin-top:0px;margin-right:0px;margin-bottom:30px;margin-left:0px;\"><h1 class=\"title-heading-left fusion-responsive-typography-calculated\" style=\"margin:0;--fontSize:64;line-height:1.4;\"><h3>ASSISTANCE RH<\/h3><\/h1><\/div><div class=\"fusion-text fusion-text-1\"><p>Nous vous accompagnons dans le suivi, la r\u00e9daction et la mise en place des diff\u00e9rentes \u00e9tapes de la vie sociale de votre entreprise :<\/p>\n<\/div><ul class=\"fusion-checklist fusion-checklist-1\" style=\"font-size:14px;line-height:23.8px;\"><li class=\"fusion-li-item\"><span style=\"height:23.8px;width:23.8px;margin-right:9.8px;\" class=\"icon-wrapper circle-no\"><i class=\"fusion-li-icon fa-angle-right fas\" style=\"color:rgba(140,140,140,0.83);\" aria-hidden=\"true\"><\/i><\/span><div class=\"fusion-li-item-content\" style=\"margin-left:33.6px;\">Le contrat de travail, au c\u0153ur de la relation avec le salari\u00e9, ob\u00e9it \u00e0 des r\u00e8gles sp\u00e9cifiques et complexes.<\/div><\/li><li class=\"fusion-li-item\"><span style=\"height:23.8px;width:23.8px;margin-right:9.8px;\" class=\"icon-wrapper circle-no\"><i class=\"fusion-li-icon fa-angle-right fas\" style=\"color:rgba(140,140,140,0.83);\" aria-hidden=\"true\"><\/i><\/span><div class=\"fusion-li-item-content\" style=\"margin-left:33.6px;\">La rupture du contrat de travail est une proc\u00e9dure complexe, dont il faut optimiser les enjeux et les cons\u00e9quences financi\u00e8res.<\/div><\/li><li class=\"fusion-li-item\"><span style=\"height:23.8px;width:23.8px;margin-right:9.8px;\" class=\"icon-wrapper circle-no\"><i class=\"fusion-li-icon fa-angle-right fas\" style=\"color:rgba(140,140,140,0.83);\" aria-hidden=\"true\"><\/i><\/span><div class=\"fusion-li-item-content\" style=\"margin-left:33.6px;\">Le suivi des effectifs permet d\u2019anticiper les diff\u00e9rentes obligations li\u00e9es au d\u00e9passement de certains seuils : d\u00e9l\u00e9gu\u00e9 du personnel, comit\u00e9 d\u2019entreprise.<\/div><\/li><\/ul><\/div><style type=\"text\/css\">.fusion-body .fusion-builder-column-0{width:100% !important;margin-top : 0px;margin-bottom : 20px;}.fusion-builder-column-0 > .fusion-column-wrapper {padding-top : 0px !important;padding-right : 0px !important;margin-right : 1.92%;padding-bottom : 0px !important;padding-left : 0px !important;margin-left : 1.92%;}@media only screen and (max-width:1000px) {.fusion-body .fusion-builder-column-0{width:100% !important;order : 0;}.fusion-builder-column-0 > .fusion-column-wrapper {margin-right : 1.92%;margin-left : 1.92%;}}@media only screen and (max-width:640px) {.fusion-body .fusion-builder-column-0{width:100% !important;order : 0;}.fusion-builder-column-0 > .fusion-column-wrapper {margin-right : 1.92%;margin-left : 1.92%;}}<\/style><\/div><\/div><style type=\"text\/css\">.fusion-body .fusion-flex-container.fusion-builder-row-1{ padding-top : 0px;margin-top : 0px;padding-right : 0px;padding-bottom : 0px;margin-bottom : 0px;padding-left : 0px;}<\/style><\/div>\n","protected":false},"excerpt":{"rendered":"","protected":false},"author":1,"featured_media":0,"parent":0,"menu_order":0,"comment_status":"closed","ping_status":"closed","template":"","meta":{"footnotes":""},"class_list":["post-1230","page","type-page","status-publish","hentry"],"yoast_head":"<!-- This site is optimized with the Yoast SEO plugin v25.2 - https:\/\/yoast.com\/wordpress\/plugins\/seo\/ -->\n<title>ASSISTANCE RH - EXANTE - Les Experts de l&#039;entreprise<\/title>\n<meta name=\"description\" content=\"Exante vous accompagne dans la mise en place, la r\u00e9daction et le suivi de la vie sociale de votre entreprise.\" \/>\n<meta name=\"robots\" content=\"index, follow, max-snippet:-1, max-image-preview:large, max-video-preview:-1\" \/>\n<link rel=\"canonical\" href=\"https:\/\/www.exante.fr\/Comptable\/les-ressources-humaines\/\" \/>\n<meta property=\"og:locale\" content=\"fr_FR\" \/>\n<meta property=\"og:type\" content=\"article\" \/>\n<meta property=\"og:title\" content=\"ASSISTANCE RH - EXANTE - Les Experts de l&#039;entreprise\" \/>\n<meta property=\"og:description\" content=\"Exante vous accompagne dans la mise en place, la r\u00e9daction et le suivi de la vie sociale de votre entreprise.\" \/>\n<meta property=\"og:url\" content=\"https:\/\/www.exante.fr\/Comptable\/les-ressources-humaines\/\" \/>\n<meta property=\"og:site_name\" content=\"EXANTE - Les Experts de l&#039;entreprise\" \/>\n<meta property=\"article:modified_time\" content=\"2021-09-10T09:00:10+00:00\" \/>\n<meta name=\"twitter:card\" content=\"summary_large_image\" \/>\n<meta name=\"twitter:label1\" content=\"Dur\u00e9e de lecture estim\u00e9e\" \/>\n\t<meta name=\"twitter:data1\" content=\"5 minutes\" \/>\n<script type=\"application\/ld+json\" class=\"yoast-schema-graph\">{\"@context\":\"https:\/\/schema.org\",\"@graph\":[{\"@type\":\"WebPage\",\"@id\":\"https:\/\/www.exante.fr\/Comptable\/les-ressources-humaines\/\",\"url\":\"https:\/\/www.exante.fr\/Comptable\/les-ressources-humaines\/\",\"name\":\"ASSISTANCE RH - EXANTE - Les Experts de l&#039;entreprise\",\"isPartOf\":{\"@id\":\"https:\/\/www.exante.fr\/Comptable\/#website\"},\"datePublished\":\"2021-09-08T09:52:03+00:00\",\"dateModified\":\"2021-09-10T09:00:10+00:00\",\"description\":\"Exante vous accompagne dans la mise en place, la r\u00e9daction et le suivi de la vie sociale de votre entreprise.\",\"breadcrumb\":{\"@id\":\"https:\/\/www.exante.fr\/Comptable\/les-ressources-humaines\/#breadcrumb\"},\"inLanguage\":\"fr-FR\",\"potentialAction\":[{\"@type\":\"ReadAction\",\"target\":[\"https:\/\/www.exante.fr\/Comptable\/les-ressources-humaines\/\"]}]},{\"@type\":\"BreadcrumbList\",\"@id\":\"https:\/\/www.exante.fr\/Comptable\/les-ressources-humaines\/#breadcrumb\",\"itemListElement\":[{\"@type\":\"ListItem\",\"position\":1,\"name\":\"Accueil\",\"item\":\"https:\/\/www.exante.fr\/Comptable\/\"},{\"@type\":\"ListItem\",\"position\":2,\"name\":\"ASSISTANCE RH\"}]},{\"@type\":\"WebSite\",\"@id\":\"https:\/\/www.exante.fr\/Comptable\/#website\",\"url\":\"https:\/\/www.exante.fr\/Comptable\/\",\"name\":\"EXANTE - Les Experts de l&#039;entreprise\",\"description\":\"Cabinet d&#039;Expertise Comptable en R\u00e9gion Rh\u00f4ne-Alpes\",\"publisher\":{\"@id\":\"https:\/\/www.exante.fr\/Comptable\/#organization\"},\"potentialAction\":[{\"@type\":\"SearchAction\",\"target\":{\"@type\":\"EntryPoint\",\"urlTemplate\":\"https:\/\/www.exante.fr\/Comptable\/?s={search_term_string}\"},\"query-input\":{\"@type\":\"PropertyValueSpecification\",\"valueRequired\":true,\"valueName\":\"search_term_string\"}}],\"inLanguage\":\"fr-FR\"},{\"@type\":\"Organization\",\"@id\":\"https:\/\/www.exante.fr\/Comptable\/#organization\",\"name\":\"EXANTE - Les Experts de l&#039;entreprise\",\"url\":\"https:\/\/www.exante.fr\/Comptable\/\",\"logo\":{\"@type\":\"ImageObject\",\"inLanguage\":\"fr-FR\",\"@id\":\"https:\/\/www.exante.fr\/Comptable\/#\/schema\/logo\/image\/\",\"url\":\"https:\/\/www.exante.fr\/Comptable\/wp-content\/uploads\/2021\/09\/logo3.png\",\"contentUrl\":\"https:\/\/www.exante.fr\/Comptable\/wp-content\/uploads\/2021\/09\/logo3.png\",\"width\":137,\"height\":137,\"caption\":\"EXANTE - Les Experts de l&#039;entreprise\"},\"image\":{\"@id\":\"https:\/\/www.exante.fr\/Comptable\/#\/schema\/logo\/image\/\"}}]}<\/script>\n<!-- \/ Yoast SEO plugin. -->","yoast_head_json":{"title":"ASSISTANCE RH - EXANTE - Les Experts de l&#039;entreprise","description":"Exante vous accompagne dans la mise en place, la r\u00e9daction et le suivi de la vie sociale de votre entreprise.","robots":{"index":"index","follow":"follow","max-snippet":"max-snippet:-1","max-image-preview":"max-image-preview:large","max-video-preview":"max-video-preview:-1"},"canonical":"https:\/\/www.exante.fr\/Comptable\/les-ressources-humaines\/","og_locale":"fr_FR","og_type":"article","og_title":"ASSISTANCE RH - EXANTE - Les Experts de l&#039;entreprise","og_description":"Exante vous accompagne dans la mise en place, la r\u00e9daction et le suivi de la vie sociale de votre entreprise.","og_url":"https:\/\/www.exante.fr\/Comptable\/les-ressources-humaines\/","og_site_name":"EXANTE - Les Experts de l&#039;entreprise","article_modified_time":"2021-09-10T09:00:10+00:00","twitter_card":"summary_large_image","twitter_misc":{"Dur\u00e9e de lecture estim\u00e9e":"5 minutes"},"schema":{"@context":"https:\/\/schema.org","@graph":[{"@type":"WebPage","@id":"https:\/\/www.exante.fr\/Comptable\/les-ressources-humaines\/","url":"https:\/\/www.exante.fr\/Comptable\/les-ressources-humaines\/","name":"ASSISTANCE RH - EXANTE - Les Experts de l&#039;entreprise","isPartOf":{"@id":"https:\/\/www.exante.fr\/Comptable\/#website"},"datePublished":"2021-09-08T09:52:03+00:00","dateModified":"2021-09-10T09:00:10+00:00","description":"Exante vous accompagne dans la mise en place, la r\u00e9daction et le suivi de la vie sociale de votre entreprise.","breadcrumb":{"@id":"https:\/\/www.exante.fr\/Comptable\/les-ressources-humaines\/#breadcrumb"},"inLanguage":"fr-FR","potentialAction":[{"@type":"ReadAction","target":["https:\/\/www.exante.fr\/Comptable\/les-ressources-humaines\/"]}]},{"@type":"BreadcrumbList","@id":"https:\/\/www.exante.fr\/Comptable\/les-ressources-humaines\/#breadcrumb","itemListElement":[{"@type":"ListItem","position":1,"name":"Accueil","item":"https:\/\/www.exante.fr\/Comptable\/"},{"@type":"ListItem","position":2,"name":"ASSISTANCE RH"}]},{"@type":"WebSite","@id":"https:\/\/www.exante.fr\/Comptable\/#website","url":"https:\/\/www.exante.fr\/Comptable\/","name":"EXANTE - Les Experts de l&#039;entreprise","description":"Cabinet d&#039;Expertise Comptable en R\u00e9gion Rh\u00f4ne-Alpes","publisher":{"@id":"https:\/\/www.exante.fr\/Comptable\/#organization"},"potentialAction":[{"@type":"SearchAction","target":{"@type":"EntryPoint","urlTemplate":"https:\/\/www.exante.fr\/Comptable\/?s={search_term_string}"},"query-input":{"@type":"PropertyValueSpecification","valueRequired":true,"valueName":"search_term_string"}}],"inLanguage":"fr-FR"},{"@type":"Organization","@id":"https:\/\/www.exante.fr\/Comptable\/#organization","name":"EXANTE - Les Experts de l&#039;entreprise","url":"https:\/\/www.exante.fr\/Comptable\/","logo":{"@type":"ImageObject","inLanguage":"fr-FR","@id":"https:\/\/www.exante.fr\/Comptable\/#\/schema\/logo\/image\/","url":"https:\/\/www.exante.fr\/Comptable\/wp-content\/uploads\/2021\/09\/logo3.png","contentUrl":"https:\/\/www.exante.fr\/Comptable\/wp-content\/uploads\/2021\/09\/logo3.png","width":137,"height":137,"caption":"EXANTE - Les Experts de l&#039;entreprise"},"image":{"@id":"https:\/\/www.exante.fr\/Comptable\/#\/schema\/logo\/image\/"}}]}},"_links":{"self":[{"href":"https:\/\/www.exante.fr\/Comptable\/wp-json\/wp\/v2\/pages\/1230","targetHints":{"allow":["GET"]}}],"collection":[{"href":"https:\/\/www.exante.fr\/Comptable\/wp-json\/wp\/v2\/pages"}],"about":[{"href":"https:\/\/www.exante.fr\/Comptable\/wp-json\/wp\/v2\/types\/page"}],"author":[{"embeddable":true,"href":"https:\/\/www.exante.fr\/Comptable\/wp-json\/wp\/v2\/users\/1"}],"replies":[{"embeddable":true,"href":"https:\/\/www.exante.fr\/Comptable\/wp-json\/wp\/v2\/comments?post=1230"}],"version-history":[{"count":2,"href":"https:\/\/www.exante.fr\/Comptable\/wp-json\/wp\/v2\/pages\/1230\/revisions"}],"predecessor-version":[{"id":1371,"href":"https:\/\/www.exante.fr\/Comptable\/wp-json\/wp\/v2\/pages\/1230\/revisions\/1371"}],"wp:attachment":[{"href":"https:\/\/www.exante.fr\/Comptable\/wp-json\/wp\/v2\/media?parent=1230"}],"curies":[{"name":"wp","href":"https:\/\/api.w.org\/{rel}","templated":true}]}}